579
What are the prime factors of 526161309?
3, 175387103
What are the prime factors of 639517474?
2, 319758737
List the prime factors of 232289475.
3, 5, 11, 281563
List the prime factors of 311025138.
2, 3, 1291, 40153
What are the prime factors of 226557725?
5, 17, 533077
What are the prime factors of 1223162014?
2, 71, 8613817
What are the prime factors of 748430098?
2, 13, 857, 33589
List the prime factors of 240691133.
191, 1260163
List the prime factors of 3719532037.
13, 83, 3447203
List the prime factors of 24893544.
2, 3, 13, 23, 3469
List the prime factors of 951057604.
2, 7, 33966343
List the prime factors of 1015306564.
2, 253826641
List the prime factors of 111490819.
11, 29, 373, 937
List the prime factors of 5000827898.
2, 11, 227310359
List the prime factors of 3920783.
19, 43, 4799
What are the prime factors of 167261287?
347, 482021
What are the prime factors of 4775562?
2, 3, 11, 89, 271
List the prime factors of 247043611.
2137, 115603
What are the prime factors of 48203620?
2, 5, 2410181
List the prime factors of 246254477.
7, 73, 547, 881
List the prime factors of 3953993433.
3, 13, 17, 5963791
List the prime factors of 1787465900.
2, 5, 11, 1624969
What are the prime factors of 85735836?
2, 3, 89, 26759
List the prime factors of 308887007.
11, 13, 31, 59, 1181
List the prime factors of 217011508.
2, 7, 1021, 7591
List the prime factors of 249715991.
7, 23, 73, 21247
What are the prime factors of 1160838439?
4651, 249589
List the prime factors of 709601161.
1861, 381301
List the prime factors of 23673003.
3, 23, 343087
List the prime factors of 1502058678.
2, 3, 5743, 43591
List the prime factors of 134344950.
2, 3, 5, 895633
List the prime factors of 854648863.
919, 929977
What are the prime factors of 41220487?
7, 11, 257, 2083
What are the prime factors of 1598727148?
2, 23, 17377469
What are the prime factors of 108684672?
2, 3, 17, 16649
What are the prime factors of 118687691?
29, 4092679
What are the prime factors of 421592591?
7, 31, 449, 4327
What are the prime factors of 210804731?
4357, 48383
What are the prime factors of 995275546?
2, 3851, 129223
List the prime factors of 171716977.
463, 370879
List the prime factors of 196790942.
2, 19, 5178709
What are the prime factors of 71662251?
3, 61, 193, 2029
What are the prime factors of 141703135?
5, 7, 29, 139609
List the prime factors of 78068719.
3989, 19571
List the prime factors of 355591150.
2, 5, 653, 10891
List the prime factors of 81947395.
5, 17, 56711
What are the prime factors of 34941345?
3, 5, 701, 3323
List the prime factors of 63573777.
3, 31, 191, 1193
List the prime factors of 1161206941.
89, 1091, 11959
What are the prime factors of 2817172499?
2817172499
What are the prime factors of 48443320?
2, 5, 1211083
What are the prime factors of 727606189?
26293, 27673
List the prime factors of 264049711.
264049711
List the prime factors of 36764794.
2, 11, 71, 23537
List the prime factors of 900457996.
2, 877, 256687
What are the prime factors of 15364892?
2, 3841223
What are the prime factors of 1735160033?
547, 661, 4799
What are the prime factors of 682528682?
2, 11, 17, 1824943
What are the prime factors of 1251148096?
2, 11, 31, 57329
What are the prime factors of 24549332?
2, 6137333
List the prime factors of 104441714.
2, 13, 613, 6553
What are the prime factors of 7615653?
3, 1327, 1913
What are the prime factors of 1205283492?
2, 3, 7, 4782871
List the prime factors of 287082932.
2, 19, 191, 19777
List the prime factors of 36576335.
5, 283, 25849
List the prime factors of 4911653597.
409, 487, 24659
List the prime factors of 112260364.
2, 383, 73277
What are the prime factors of 96340421?
79, 317, 3847
What are the prime factors of 11098224?
2, 3, 37, 2083
List the prime factors of 24336952.
2, 521, 5839
List the prime factors of 440052418.
2, 13, 16925093
What are the prime factors of 85181943?
3, 7, 11, 4789
What are the prime factors of 26914669?
23, 1170203
What are the prime factors of 93084674?
2, 37, 379, 3319
What are the prime factors of 66941893?
66941893
List the prime factors of 252380821.
7, 11, 468239
List the prime factors of 42750922.
2, 31, 257, 2683
List the prime factors of 852728451.
3, 103, 227, 12157
List the prime factors of 181251895.
5, 11, 3295489
What are the prime factors of 1285703148?
2, 3, 107141929
List the prime factors of 60209719.
31, 137, 14177
List the prime factors of 126912186.
2, 3, 59, 119503
What are the prime factors of 62509569?
3, 2129, 9787
List the prime factors of 150617344.
2, 31, 18979
List the prime factors of 65975410.
2, 5, 19, 347239
What are the prime factors of 286746028?
2, 4871, 14717
List the prime factors of 31720764.
2, 3, 2643397
List the prime factors of 500659139.
19, 26350481
List the prime factors of 377439752.
2, 23, 877, 2339
What are the prime factors of 5360116506?
2, 3, 137, 6520823
List the prime factors of 21053741.
21053741
List the prime factors of 86249198.
2, 7, 79, 77983
What are the prime factors of 84954569?
7, 12136367
List the prime factors of 248056621.
37, 317, 21149
List the prime factors of 73970219.
151, 489869
What are the prime factors of 3461464099?
19, 29, 173, 36313
List the prime factors of 37073118.
2, 3, 6178853
List the prime factors of 117317095.
5, 7, 313, 10709
List the prime factors of 355140542.
2, 177570271
List the prime factors of 174424786.
2, 31, 283, 9941
List the prime factors of 480019481.
191, 311, 8081
List the prime factors of 1583207390.
2, 5, 281, 563419
List the prime factors of 169178128.
2, 7, 19, 107, 743
List the prime factors of 170918796.
2, 3, 23, 223, 2777
List the prime factors of 945543366.
2, 3, 17, 3090011
List the prime factors of 4934216923.
71, 1523, 45631
List the prime factors of 97556264.
2, 13, 59, 1223
What are the prime factors of 851485160?
2, 5, 21287129
What are the prime factors of 55236624?
2, 3, 1150763
List the prime factors of 4407274391.
13, 29, 643, 18181
What are the prime factors of 5527420233?
3, 101, 373, 48907
What are the prime factors of 39204540?
2, 3, 5, 79, 919
What are the prime factors of 3398653801?
47, 233, 503, 617
List the prime factors of 757468071.
3, 41, 617, 1109
List the prime factors of 742615.
5, 19, 7817
What are the prime factors of 46807911?
3, 47, 239, 463
What are the prime factors of 14596751?
13, 61, 79, 233
What are the prime factors of 41713714?
2, 7, 2979551
What are the prime factors of 3229318481?
3229318481
List the prime factors of 1476658241.
33961, 43481
List the prime factors of 688907284.
2, 13, 13248217
List the prime factors of 666450461.
23, 53, 546719
What are the prime factors of 8393870070?
2, 3, 5, 93265223
What are the prime factors of 1099028668?
2, 274757167
What are the prime factors of 5492421887?
33403, 164429
What are the prime factors of 893888212?
2, 7, 19, 73, 23017
List the prime factors of 113749879.
167, 681137
What are the prime factors of 102642211?
7, 107, 19577
What are the prime factors of 64499086?
2, 32249543
What are the prime factors of 345475220?
2, 5, 17273761
List the prime factors of 3018586468.
2, 19, 47, 845069
What are the prime factors of 160187675?
5, 6407507
What are the prime factors of 9844737?
3, 7, 193, 347
What are the prime factors of 437585114?
2, 43, 5088199
What are the prime factors of 3242233524?
2, 3, 29, 47, 167, 1187
What are the prime factors of 60968030?
2, 5, 2269, 2687
What are the prime factors of 8942367?
3, 7, 269, 1583
What are the prime factors of 440062342?
2, 2371, 92801
List the prime factors of 99188179.
99188179
List the prime factors of 2469613227.
3, 347, 2372347
List the prime factors of 1580860387.
1580860387
List the prime factors of 8259286082.
2, 41, 523, 192587
List the prime factors of 1077596605.
5, 215519321
List the prime factors of 105800816.
2, 11, 19, 29, 1091
List the prime factors of 1495695453.
3, 7, 10174799
What are the prime factors of 515459724?
2, 3, 13, 647, 5107
List the prime factors of 515867429.
7, 11, 6699577
What are the prime factors of 507487817?
507487817
What are the prime factors of 432263185?
5, 7669, 11273
What are the prime factors of 3487132911?
3, 1162377637
List the prime factors of 4544153015.
5, 908830603
What are the prime factors of 25364584?
2,